2)/((-111)/(-39) + h)?
1
Let g(u) = -10*u**3 + 2*u**2 - 2*u - 3. Let l be g(-2). Suppose 2*c + 8 + 2 = o, -5*o + l = 3*c. What is the tens digit of o?
1
Suppose 40 = 4*p + 124. Let c be (p/9)/(3/(-9)). Suppose -2*b + c*b + 60 = 5*k, 4*k - 30 = -5*b. What is the tens digit of k?
1
Suppose r = -r - 2. Let x = 2 + r. What is the units digit of x?
1
Suppose 0*r = 2*r. Suppose 4 = 3*w + 1. Let i = r + w. What is the units digit of i?
1
What is the units digit of (6 - 4)*-1 - -4?
2
Let c = -38 + 146. What is the units digit of c?
8
Let p be (76/(-6))/(18/(-27)). What is the units digit of p/3 - 2/6?
6
Suppose -3*q = -7*q - 4*p + 492, 4*q - 492 = p. What is the tens digit of q?
2
Let w be (-2)/(-5)*(12 + -2). Suppose 22 = 2*h + w*s, -s = h - 5 - 2. What is the units digit of h?
3
Suppose -31*l + 40*l - 1107 = 0. What is the units digit of l?
3
Let q(r) = r + 16. Let a be q(-7). What is the units digit of (-116)/(-6) - a/27?
9
Let g be ((-3)/(-2))/(6/(-8)). Let m = 14 - 8. Let o = m + g. What is the units digit of o?
4
Let o(u) = 357*u**2 - 5*u - 7. What is the tens digit of o(-1)?
5
Let s(h) = -114*h**3 - h - 1. What is the tens digit of s(-1)?
1
Suppose -2*a = 3*f - 568, -3*a + 4*f - 564 = -5*a. What is the tens digit of a?
9
Suppose 4*w = 5*d + 3*w - 65, d - 3*w + 1 = 0. What is the tens digit of d?
1
What is the units digit of (25 - 3)/((-10)/(-8) + -1)?
8
Let w be (-8)/(-3)*(-6)/4. Let t = w + 22. What is the tens digit of t?
1
Let n = -1 - 0. Let l(j) be the second derivative of j**3/6 + j**2 - 4*j. What is the units digit of l(n)?
1
Let u be 2/(-1) + 64/4. Let z(r) = 2*r**2 - 3*r + 1. Let j be z(3). Suppose -u = -4*n + j. What is the units digit of n?
6
Let w(f) = 25*f**3 - f**2 + f. Let l be w(1). Suppose s + j - 25 = -s, 5*s - l = 5*j. What is the tens digit of s?
1
Suppose 0 = 3*b - 5*b - 4*w + 248, 4*b = -4*w + 476. What is the hundreds digit of b?
1
Let d = 85 - 50. What is the units digit of d?
5
Let v(y) = -3*y**2 + 4*y - 3. Let q be v(2). Let u be 9/q + (-2)/(-7). What is the units digit of (-5)/(-5)*(-7)/u?
7
Suppose -n = 45 - 121. What is the units digit of n?
6
Let x be (-39)/6 - 1/2. Let s(l) = -8*l - 8. What is the tens digit of s(x)?
4
Let y = 173 - -76. What is the units digit of y?
9
Suppose f - 2 = p, 3*p - 16 = -3*f - 4. Suppose -t - t + h = -2, 5*t - h + p = 0. What is the units digit of (2/5)/(t/(-5))?
2
Let s = -2 + 6. Suppose s*g - 187 = -19. What is the units digit of g?
2
Let k(q) = 16*q**3 + 30*q**2 - 4*q - 51. Let y(h) = 3*h**3 + 6*h**2 - h - 10. Let v(b) = -2*k(b) + 11*y(b). What is the tens digit of v(-6)?
1
Let i(v) = -12*v + 2. What is the tens digit of i(-8)?
9
Suppose -j - 14 = -3*i - 2*i, i = -j + 4. Suppose -j = -5*s + 4. What is the units digit of s?
1
Let c(k) = k**2 - 5*k + 2. Let b be c(5). Suppose -q + b*q - 2 = -3*l, 0 = q + 4. What is the units digit of l?
2
What is the tens digit of 12/30 - (-556)/10?
5
Let h(q) = -2*q**3 - 3*q**2 - 3*q. Let f be h(-2). Suppose j + f = -4*j. Let u = 7 + j. What is the units digit of u?
5
Let i = 8 + -8. Suppose i = -t + 48 - 1. What is the tens digit of t?
4
Let l(i) = -3*i - 1. What is the units digit of l(-3)?
8
Let f(a) = a**2 - 1. Let b be f(2). Suppose 3*u + t - b = -0, 9 = -3*u - 5*t. Suppose 3*y = -x - u*x + 24, y = x. What is the units digit of y?
4
Let b(w) = -w**2 + 15*w + 16. Let g be b(12). Suppose 5*s + g + 23 = 0. Let r = s + 24. What is the units digit of r?
9
Let c(d) = -14*d**3 + 14*d**2 + 17*d + 24. Let g(b) = 5*b**3 - 5*b**2 - 6*b - 8. Let x(w) = 6*c(w) + 17*g(w). What is the units digit of x(0)?
8
Let b = -22 + 25. Let a = b - -38. What is the units digit of a?
1
What is the units digit of 28/168 - 118/(-12)?
0
Let l(j) = j**3 + 5*j**2 + 4*j + 4. Let r be l(-4). Suppose r*f - 5*u + 3*u - 48 = 0, 2*u + 35 = 3*f. What is the units digit of f?
3
Suppose -4*g - 73 = -5*g. What is the tens digit of g?
7
What is the units digit of -122*(0 - (-2)/(-4))?
1
Let q = 258 + -81. What is the tens digit of q?
7
Let r(z) = 2*z**2 + 4*z. Let n be r(-3). Let b be 3/n*-5*-2. Suppose 5*s - 3 = 3*a, -b*s + 0*s + 11 = -a. What is the units digit of a?
4
Let z(f) = -f**3 - 4*f**2 + 5*f + 2. Let b be z(-5). Suppose -4*c = -6*c - b. Let v = 4 + c. What is the units digit of v?
3
Let c(m) = -m + 2. Let d be c(-2). Let x(p) = -p + 5. What is the units digit of x(d)?
1
Let n = 4 + 0. Suppose 0*z + 2*t - 16 = -z, -5*z + n*t + 10 = 0. What is the units digit of z?
6
Suppose -4*k + 65 = k. Let y = k + -8. What is the units digit of y?
5
Let i(j) = 9*j**2. Let h(q) = -q**2 - 2*q + 2. Let g be h(-3). What is the units digit of i(g)?
9
Let h(d) = -d**2 - 4*d + 7. Let v be h(-5). Suppose 3*a - v*b = 120, a + 123 = 4*a - 3*b. What is the units digit of a?
8
Let q = -6 - -10. Let a = -41 + 71. Suppose -q*b = -a - 14. What is the tens digit of b?
1
Let a(w) = w - 2. Let v(l) = -l**3 - 5*l**2 - l + 1. Let u be v(-5). What is the units digit of a(u)?
4
Suppose -b - 3*b + 16 = 0. Suppose 2*w + 8 = -2*z, -3*z - 7 = b*w + 6. What is the units digit of 30/20 - w/2?
2
Let r = 33 + 34. What is the units digit of r?
7
Suppose g + 5*v - 53 = 0, 135 = 3*g + 5*v - 14. What is the tens digit of g?
4
Suppose -32 = 2*t - 6*t. Let n be 4/(-14) + 57/(-21). Let a = n + t. What is the units digit of a?
5
Let m = 12 - 3. What is the units digit of m?
9
What is the tens digit of 262/6 - (-16)/12?
4
Let v = 46 + -27. Let w = -11 + v. What is the units digit of w?
8
Suppose c + 0*c + 3*j = 78, 84 = c - 3*j. What is the tens digit of c?
8
Let b = -44 + 75. What is the units digit of b?
1
Let b(r) = -5 - 9*r - 7*r + r. What is the tens digit of b(-2)?
2
Let i(r) = -r**3 + 10*r**2 + 4*r + 1. Let l(d) = d**3 - 11*d**2 - 3*d - 1. Let w(c) = 5*i(c) + 4*l(c). What is the units digit of w(7)?
8
Let b(x) = -2*x - 3. Let n be (1 + -1)/((-2)/1). Suppose n*w - 4*w = 12. What is the units digit of b(w)?
3
Suppose -150 = -3*p - 36. Suppose y + y = -t + 11, -4*t - 2*y + p = 0. What is the units digit of t?
9
Let x = -15 + 166. What is the tens digit of x?
5
Let z be -34 + 0/3 + -2. Let y be 4/(z/(-75))*3. Suppose 4*a = -a + y. What is the units digit of a?
5
Let k = -110 + 265. What is the hundreds digit of k?
1
Let c be (-6)/(-9)*6/(-4). Let n(b) = -b**2 - 4*b - 1. Let j be n(-3). Let t = c + j. What is the units digit of t?
1
What is the hundreds digit of (-2 + 225/6)/(8/48)?
2
Suppose 3*y = y + 196. What is the tens digit of y?
9
Let r = -5 - -9. Let x = r + -3. What is the units digit of (x/3)/(3/45)?
5
What is the units digit of (-51)/15*(4 + -9)?
7
Suppose 0 = 4*v - y - 8, 2*v - 2*y + y = 6. Suppose 3*c - 5*t = 14 - 1, t = v. What is the units digit of c?
6
Let i = -30 + 64. Let m = 68 - i. What is the tens digit of m?
3
Let j(o) = o**3 + 8*o**2 - o - 6. Let t be (-4)/(2 + (-9)/6). Let n be j(t). Suppose 12 = n*z + 4. What is the units digit of z?
4
Suppose 5*q - 460 = -45. What is the units digit of q?
3
Let v = 9 - 5. Let m(c) = 3*c - 2. Let f be m(v). Let p = f + 1. What is the units digit of p?
1
Let c be ((-8)/(-14))/((-4)/(-14)). Let o = c + 6. What is the units digit of o?
8
What is the units digit of 2*(-6)/(12/(-22))?
2
What is the units digit of 7 - (2 - 4/(-4))?
4
Suppose 3*c = 2*c + 3. Suppose 0 = c*m + 8 - 2. What is the units digit of 2/4 - m/4?
1
Let h = 0 + 0. Suppose w = -3*m + 29, 3*w + 2*m = -h*m + 52. What is the units digit of w?
4
Let k = 15 - 1. What is the units digit of k?
4
Let o be 1/(-6) - 134/(-12). What is the units digit of o/(4*3/12)?
1
Let n be 6/(-15) + 81/15. Let v = 9 - n. Suppose -v*m - m = -20. What is the units digit of m?
4
Let j(s) be the second derivative of -2*s**5/5 + s**4/6 + s**3/6 - 3*s. What is the units digit of j(-1)?
9
Let j(b) = b**2 - 6*b. Let k be j(6). Let d be -2 - -4*(k - -1). Suppose -2*q - 4*g = -g + d, q + 2*g = -3. What is the units digit of q?
5
Let b = 7 + -15. Let y(v) = v**2 + 6*v - 4. What is the units digit of y(b)?
2
Suppose 5*l - 11 = 19. Let z(a) = -a**3 + 6*a**2 + a - 4. Let q be z(l). What is the units digit of q/(-3) - (-20)/3?
6
Let o = -4 + 8. What is the units digit of o?
4
Let s = 6 + -4. Let h be ((-1)/1 - -1)/(-2). What is the units digit of 2*(h/1 + s)?
4
Let g(z) = z**2 + 6*z - 6. What is the tens digit of g(-15)?
2
Suppose -13*t + 8